{"id":40,"date":"2018-04-27T17:22:45","date_gmt":"2018-04-27T15:22:45","guid":{"rendered":"https:\/\/chatkababyjagi.pl\/index.php\/atrakcje\/"},"modified":"2019-01-12T12:13:42","modified_gmt":"2019-01-12T11:13:42","slug":"atrakcje","status":"publish","type":"page","link":"https:\/\/chatkababyjagi.pl\/index.php\/atrakcje\/","title":{"rendered":"Atrakcje"},"content":{"rendered":"<p>[et_pb_section fb_built=&#8221;1&#8243; _builder_version=&#8221;3.0.47&#8243; custom_padding=&#8221;54px|0px|0|0px|false|false&#8221;][et_pb_row _builder_version=&#8221;3.0.48&#8243; background_size=&#8221;initial&#8221; background_position=&#8221;top_left&#8221; background_repeat=&#8221;repeat&#8221;][et_pb_column type=&#8221;4_4&#8243; _builder_version=&#8221;3.0.47&#8243; parallax=&#8221;off&#8221; parallax_method=&#8221;on&#8221;][et_pb_text _builder_version=&#8221;3.2&#8243; header_font=&#8221;Acme||||||||&#8221; header_letter_spacing=&#8221;2px&#8221; header_text_shadow_style=&#8221;preset1&#8243;]<\/p>\n<h1 style=\"text-align: center;\"><strong>Atrakcje<\/strong><\/h1>\n<p>[\/et_pb_text][et_pb_divider color=&#8221;#de1681&#8243; divider_style=&#8221;dotted&#8221; divider_weight=&#8221;3&#8243; _builder_version=&#8221;3.2&#8243;][\/et_pb_divider][et_pb_text _builder_version=&#8221;3.2&#8243; text_font=&#8221;Comfortaa||||||||&#8221; text_text_color=&#8221;#000000&#8243; text_font_size=&#8221;16px&#8221; text_line_height=&#8221;1.8em&#8221;]<\/p>\n<p style=\"text-align: center;\"><strong><img loading=\"lazy\" decoding=\"async\" class=\"aligncenter\" src=\"https:\/\/chatkababyjagi.pl\/wp-content\/uploads\/2015\/04\/1a-300x199.jpg\" alt=\"\" width=\"300\" height=\"199\" name=\"grafika1\" align=\"BOTTOM\" border=\"0\" \/><\/strong><\/p>\n<p style=\"text-align: center;\"><strong><span lang=\"pl-PL\">Animacja<\/span>\u00a0<span lang=\"pl-PL\">w chatce trwa oko\u0142o 20-30 min<\/span><\/strong><\/p>\n<p lang=\"pl-PL\" style=\"text-align: center;\"><strong>Animatorka ca\u0142\u0105 histori\u0119 zaczyna przed wej\u015bciem histori\u0105 o w\u015bcibskiej Lili, kt\u00f3ra by\u0142a nazbyt ciekawska i co zrobi\u0142a z ni\u0105 Baba Jaga<\/strong><\/p>\n<p lang=\"pl-PL\" style=\"text-align: center;\"><strong>Jakie atrakcje czekaj\u0105 uczestnik\u00f3w magicznej przygody w chatce<\/strong><\/p>\n<p style=\"text-align: center;\"><strong><span lang=\"pl-PL\">Gotowanie zupy\u00a0<\/span><span lang=\"pl-PL\">\u2013 gotujemy ulubion\u0105 zup\u0119 z niespodziank\u0105<\/span><\/strong><\/p>\n<p style=\"text-align: center;\"><strong><span lang=\"pl-PL\">Magiczne pierniki \u2013\u00a0<\/span><span lang=\"pl-PL\">pocz\u0119stunek piernikami, kt\u00f3re mog\u0105 kry\u0107 niespodziank\u0119<\/span><\/strong><\/p>\n<p style=\"text-align: center;\"><strong><span lang=\"pl-PL\">\u0141\u00f3\u017cko na zapiecku \u2013\u00a0<\/span><span lang=\"pl-PL\">sprawdzamy czy wied\u017ama mia\u0142a wygodne \u0142\u00f3\u017cko<\/span><\/strong><\/p>\n<p style=\"text-align: center;\"><strong><img loading=\"lazy\" decoding=\"async\" src=\"https:\/\/chatkababyjagi.pl\/wp-content\/uploads\/2015\/04\/2a-300x200.jpg\" alt=\"2a\" width=\"300\" height=\"200\" name=\"grafika2\" align=\"BOTTOM\" border=\"0\" \/><\/strong><\/p>\n<p style=\"text-align: center;\"><strong><span lang=\"pl-PL\">Waga prawdy \u2013\u00a0<\/span><span lang=\"pl-PL\">urz\u0105dzenie przy pomocy kt\u00f3rego sprawdzamy, kto nadaje si\u0119 do pieca<\/span><\/strong><\/p>\n<p style=\"text-align: center;\"><strong><img loading=\"lazy\" decoding=\"async\" src=\"https:\/\/chatkababyjagi.pl\/wp-content\/uploads\/2015\/04\/3a-300x199.jpg\" alt=\"3a\" width=\"300\" height=\"199\" name=\"grafika3\" align=\"BOTTOM\" border=\"0\" \/><\/strong><\/p>\n<p style=\"text-align: center;\"><strong><span lang=\"pl-PL\">Lochy Jasia \u2013\u00a0<\/span><span lang=\"pl-PL\">dla odwa\u017cnych wej\u015bcie do podziemi z kratami<\/span><\/strong><\/p>\n<p style=\"text-align: center;\"><strong><span lang=\"pl-PL\">Mikstury \u2013\u00a0<\/span><span lang=\"pl-PL\">poznajemy tajemnicze mieszanki<\/span><\/strong><\/p>\n<p style=\"text-align: center;\"><strong><img loading=\"lazy\" decoding=\"async\" src=\"https:\/\/chatkababyjagi.pl\/wp-content\/uploads\/2015\/04\/4a-300x199.jpg\" alt=\"4a\" width=\"300\" height=\"199\" name=\"grafika4\" align=\"BOTTOM\" border=\"0\" \/><\/strong><\/p>\n<p style=\"text-align: center;\"><strong><span lang=\"pl-PL\">Pokaz czar\u00f3w \u2013\u00a0<\/span><span lang=\"pl-PL\">zamieniamy ch\u0119tnych i nie tylko w \u017caby, paj\u0105ki\u2026<\/span><\/strong><\/p>\n<p style=\"text-align: center;\"><strong><span lang=\"pl-PL\">Skrzypi\u0105ca szafa \u2013\u00a0<\/span><span lang=\"pl-PL\">poznajemy najsilniejsze napoje magiczne<\/span><\/strong><\/p>\n<p style=\"text-align: center;\"><strong><span lang=\"pl-PL\">Magiczny Kamie\u0144 \u2013\u00a0<\/span><span lang=\"pl-PL\">ka\u017cdy dostaje magiczny kamie\u0144 i instrukcj\u0119 do tego, aby spe\u0142ni\u0142y si\u0119 wszystkie \u017cyczenia<\/span><\/strong><\/p>\n<p style=\"text-align: center;\"><strong><img loading=\"lazy\" decoding=\"async\" src=\"https:\/\/chatkababyjagi.pl\/wp-content\/uploads\/2015\/04\/5a-300x199.jpg\" alt=\"5a\" width=\"300\" height=\"199\" name=\"grafika5\" align=\"BOTTOM\" border=\"0\" \/><\/strong><\/p>\n<p style=\"text-align: center;\"><strong><span lang=\"pl-PL\">TROPEM BABY JAGI\u00a0<\/span><span lang=\"pl-PL\">zabawa trwa w zale\u017cno\u015bci od zaanga\u017cowania rodzic\u00f3w<\/span><\/strong><\/p>\n<p lang=\"pl-PL\" style=\"text-align: center;\"><strong>Otrzymujemy map\u0119, na kt\u00f3rej mamy do rozwi\u0105zania zagadki i \u0142amig\u0142\u00f3wki. Szukamy dziewi\u0119ciu s\u0142upk\u00f3w ukrytych na posesji i rozwi\u0105zujemy zagadki. Podpowiedzi kolejnych punkt\u00f3w mamy na mapie. Po ka\u017cdym przystanku odznaczamy na mapie stempel. Po uzupe\u0142nieniu ca\u0142ej mapy odgadujemy magiczne has\u0142o Baby Jagi, wpisujemy je. Po okazaniu go animatorowi mo\u017cemy zas\u0142u\u017cy\u0107 na pami\u0105tkowy, honorowy DYPLOM TROPICIELA BABY JAGI<\/strong><\/p>\n<p style=\"text-align: center;\"><strong><img loading=\"lazy\" decoding=\"async\" src=\"https:\/\/chatkababyjagi.pl\/wp-content\/uploads\/2015\/04\/6a-300x199.jpg\" alt=\"6a\" width=\"300\" height=\"199\" name=\"grafika6\" align=\"BOTTOM\" border=\"0\" \/><\/strong><\/p>\n<p style=\"text-align: center;\"><strong><span lang=\"pl-PL\">Trampolina\u00a0<\/span>\u2013\u00a0<span lang=\"pl-PL\">tylko w obecno\u015bci i pod opiek\u0105 os\u00f3b doros\u0142ych<\/span><\/strong><\/p>\n<p style=\"text-align: center;\"><strong><span lang=\"pl-PL\">Ognisko\u00a0<\/span>\u2013\u00a0<span lang=\"pl-PL\">opcjonalnie dla grup zorganizowanych lub imprez na zam\u00f3wienie 50z\u0142<\/span><\/strong><\/p>\n<p style=\"text-align: center;\"><strong><span lang=\"pl-PL\">Hu\u015btawka\u00a0<\/span>\u2013\u00a0<span lang=\"pl-PL\">upleciona przez paj\u0105ka<\/span><\/strong><\/p>\n<p style=\"text-align: center;\"><strong><span lang=\"pl-PL\">Samochodzik na peda\u0142y<\/span>\u00a0\u2013\u00a0<span lang=\"pl-PL\">zmuszamy dzieci do ruchu<\/span><\/strong><\/p>\n<p style=\"text-align: center;\"><strong><span lang=\"pl-PL\">W\u00f3zek wycieczkowy\u00a0<\/span>\u2013\u00a0<span lang=\"pl-PL\">dla najm\u0142odszych<\/span><\/strong><\/p>\n<p style=\"text-align: center;\"><strong><img loading=\"lazy\" decoding=\"async\" src=\"https:\/\/chatkababyjagi.pl\/wp-content\/uploads\/2015\/04\/7a-300x199.jpg\" alt=\"7a\" width=\"300\" height=\"199\" name=\"grafika7\" align=\"BOTTOM\" border=\"0\" \/><\/strong><\/p>\n<p style=\"text-align: center;\"><strong><span lang=\"pl-PL\">Sesja zdj\u0119ciowa\u00a0<\/span>\u2013\u00a0<span lang=\"pl-PL\">dostajemy kapelusze, nosy, miot\u0142y i robimy cudowne zdj\u0119cia kt\u00f3re wstawiamy na facebooka, kt\u00f3rych zazdroszcz\u0105 nam wszyscy znajomi i rodzina<\/span><\/strong><\/p>\n<p>[\/et_pb_text][\/et_pb_column][\/et_pb_row][\/et_pb_section][et_pb_section fb_built=&#8221;1&#8243; fullwidth=&#8221;on&#8221; _builder_version=&#8221;3.0.47&#8243;][et_pb_fullwidth_header _builder_version=&#8221;3.2&#8243; background_color=&#8221;#7ebec5&#8243; background_image=&#8221;https:\/\/chatkababyjagi.pl\/wp-content\/uploads\/2018\/04\/chatka-baby-jagi-face1-960&#215;447.jpg&#8221; parallax=&#8221;on&#8221; custom_css_before=&#8221;height:250px;&#8221; custom_css_main_element=&#8221;height:250px;&#8221; custom_css_after=&#8221;height:250px;&#8221;][\/et_pb_fullwidth_header][\/et_pb_section][et_pb_section fb_built=&#8221;1&#8243; _builder_version=&#8221;3.2&#8243; background_color=&#8221;#93512f&#8221; global_module=&#8221;77&#8243;][et_pb_row _builder_version=&#8221;3.0.47&#8243; background_size=&#8221;initial&#8221; background_position=&#8221;top_left&#8221; background_repeat=&#8221;repeat&#8221;][et_pb_column type=&#8221;4_4&#8243; _builder_version=&#8221;3.0.47&#8243; parallax=&#8221;off&#8221; parallax_method=&#8221;on&#8221;][et_pb_text _builder_version=&#8221;3.2&#8243; header_font=&#8221;Acme|||on|||||&#8221; header_text_align=&#8221;center&#8221; header_text_color=&#8221;#ffffff&#8221; header_letter_spacing=&#8221;2px&#8221;]<\/p>\n<h1 style=\"text-align: center;\"><strong>KONTAKT<\/strong><\/h1>\n<p>[\/et_pb_text][\/et_pb_column][\/et_pb_row][et_pb_row _builder_version=&#8221;3.0.47&#8243; background_size=&#8221;initial&#8221; background_position=&#8221;top_left&#8221; background_repeat=&#8221;repeat&#8221;][et_pb_column type=&#8221;1_2&#8243; _builder_version=&#8221;3.0.47&#8243; parallax=&#8221;off&#8221; parallax_method=&#8221;on&#8221;][et_pb_blurb title=&#8221;Andrzej Pawluczuk&#8221; use_icon=&#8221;on&#8221; font_icon=&#8221;%%149%%&#8221; icon_color=&#8221;#ffffff&#8221; icon_placement=&#8221;left&#8221; _builder_version=&#8221;3.2&#8243; background_layout=&#8221;dark&#8221;]<\/p>\n<p>\u00a0<\/p>\n<p>[\/et_pb_blurb][et_pb_blurb title=&#8221;Orzeszkowo 98A 17-200 Hajn\u00f3wka&#8221; use_icon=&#8221;on&#8221; font_icon=&#8221;%%249%%&#8221; icon_color=&#8221;#ffffff&#8221; icon_placement=&#8221;left&#8221; _builder_version=&#8221;3.2&#8243; background_layout=&#8221;dark&#8221;]<\/p>\n<p>\u00a0<\/p>\n<p>[\/et_pb_blurb][et_pb_blurb title=&#8221;papek895@wp.pl&#8221; use_icon=&#8221;on&#8221; font_icon=&#8221;%%153%%&#8221; icon_color=&#8221;#ffffff&#8221; icon_placement=&#8221;left&#8221; _builder_version=&#8221;3.2&#8243; background_layout=&#8221;dark&#8221;]<\/p>\n<p>\u00a0<\/p>\n<p>[\/et_pb_blurb][et_pb_blurb title=&#8221;600 493 666&#8243; use_icon=&#8221;on&#8221; font_icon=&#8221;%%264%%&#8221; icon_color=&#8221;#ffffff&#8221; icon_placement=&#8221;left&#8221; _builder_version=&#8221;3.2&#8243; background_layout=&#8221;dark&#8221;]<\/p>\n<p>\u00a0<\/p>\n<p>[\/et_pb_blurb][\/et_pb_column][et_pb_column type=&#8221;1_2&#8243; _builder_version=&#8221;3.0.47&#8243; parallax=&#8221;off&#8221; parallax_method=&#8221;on&#8221;][et_pb_contact_form captcha=&#8221;off&#8221; email=&#8221;papek895@wp.pl&#8221; module_id=&#8221;et_pb_contact_form_0&#8243; _builder_version=&#8221;3.11&#8243; custom_button=&#8221;on&#8221; button_text_color=&#8221;#93512f&#8221; button_bg_color=&#8221;#ffffff&#8221; button_border_radius=&#8221;49&#8243;][et_pb_contact_field field_id=&#8221;imi\u0119&#8221; field_title=&#8221;imi\u0119&#8221; fullwidth_field=&#8221;on&#8221; _builder_version=&#8221;3.2&#8243;][\/et_pb_contact_field][et_pb_contact_field field_id=&#8221;Email&#8221; field_title=&#8221;Email&#8221; field_type=&#8221;email&#8221; fullwidth_field=&#8221;on&#8221; _builder_version=&#8221;3.2&#8243;][\/et_pb_contact_field][et_pb_contact_field field_id=&#8221;Message&#8221; field_title=&#8221;Wiadomo\u015b\u0107&#8221; field_type=&#8221;text&#8221; fullwidth_field=&#8221;on&#8221; _builder_version=&#8221;3.2&#8243;][\/et_pb_contact_field][et_pb_contact_field field_id=&#8221;Wyra\u017cam_zgod\u0119&#8221; field_title=&#8221;Wyra\u017cam zgod\u0119&#8221; field_type=&#8221;checkbox&#8221; checkbox_options=&#8221;%91{%22value%22:%22na przetwarzanie moich danych osobowych Administratorem danych osobowych jest Andrzej Pawluczuk Wierobieja 18A 17-200 Hajn\u00f3wka NIP: 543-100-12-31. Dane wpsane w formularzu b\u0119d\u0105 przetwarzane w celu udzielenia odpowiedzi a przes\u0142ane zapytanie.%22,%22checked%22:0,%22dragID%22:-1}%93&#8243; fullwidth_field=&#8221;on&#8221; _builder_version=&#8221;3.11&#8243; form_field_font=&#8221;||||||||&#8221; form_field_text_color=&#8221;#ffffff&#8221; form_field_font_size=&#8221;10px&#8221;][\/et_pb_contact_field][\/et_pb_contact_form][\/et_pb_column][\/et_pb_row][\/et_pb_section][et_pb_section fb_built=&#8221;1&#8243; fullwidth=&#8221;on&#8221; _builder_version=&#8221;3.2&#8243; global_module=&#8221;78&#8243;][et_pb_fullwidth_code _builder_version=&#8221;3.2&#8243; text_orientation=&#8221;center&#8221;]&lt;iframe src=&quot;https:\/\/www.google.com\/maps\/embed?pb=!1m14!1m8!1m3!1d4838.146835227337!2d23.566228!3d52.676712!3m2!1i1024!2i768!4f13.1!3m3!1m2!1s0x472040d39d24dfdf%3A0xe9bd7c3190bd0c02!2sOrzeszkowo+98A%2C+17-200+Orzeszkowo!5e0!3m2!1spl!2spl!4v1524843941791&quot; width=&quot;2500&quot; height=&quot;450&quot; frameborder=&quot;0&quot; style=&quot;border:0&quot; allowfullscreen&gt;&lt;\/iframe&gt;[\/et_pb_fullwidth_code][\/et_pb_section]<\/p>\n","protected":false},"excerpt":{"rendered":"<p>Atrakcje Animacja\u00a0w chatce trwa oko\u0142o 20-30 min Animatorka ca\u0142\u0105 histori\u0119 zaczyna przed wej\u015bciem histori\u0105 o w\u015bcibskiej Lili, kt\u00f3ra by\u0142a nazbyt ciekawska i co zrobi\u0142a z ni\u0105 Baba Jaga Jakie atrakcje czekaj\u0105 uczestnik\u00f3w magicznej przygody w chatce Gotowanie zupy\u00a0\u2013 gotujemy ulubion\u0105 zup\u0119 z niespodziank\u0105 Magiczne pierniki \u2013\u00a0pocz\u0119stunek piernikami, kt\u00f3re mog\u0105 kry\u0107 niespodziank\u0119 \u0141\u00f3\u017cko na zapiecku \u2013\u00a0sprawdzamy [&hellip;]<\/p>\n","protected":false},"author":1,"featured_media":0,"parent":0,"menu_order":0,"comment_status":"closed","ping_status":"closed","template":"","meta":{"_et_pb_use_builder":"on","_et_pb_old_content":"","_et_gb_content_width":"","footnotes":""},"class_list":["post-40","page","type-page","status-publish","hentry"],"_links":{"self":[{"href":"https:\/\/chatkababyjagi.pl\/index.php\/wp-json\/wp\/v2\/pages\/40"}],"collection":[{"href":"https:\/\/chatkababyjagi.pl\/index.php\/wp-json\/wp\/v2\/pages"}],"about":[{"href":"https:\/\/chatkababyjagi.pl\/index.php\/wp-json\/wp\/v2\/types\/page"}],"author":[{"embeddable":true,"href":"https:\/\/chatkababyjagi.pl\/index.php\/wp-json\/wp\/v2\/users\/1"}],"replies":[{"embeddable":true,"href":"https:\/\/chatkababyjagi.pl\/index.php\/wp-json\/wp\/v2\/comments?post=40"}],"version-history":[{"count":0,"href":"https:\/\/chatkababyjagi.pl\/index.php\/wp-json\/wp\/v2\/pages\/40\/revisions"}],"wp:attachment":[{"href":"https:\/\/chatkababyjagi.pl\/index.php\/wp-json\/wp\/v2\/media?parent=40"}],"curies":[{"name":"wp","href":"https:\/\/api.w.org\/{rel}","templated":true}]}}